 9. Suppose 0 = -4*n + 3*w + 5, -n - y*w = -3*n - 1. Suppose 5*q - n*t = -0*t + 321, 2*q = -5*t + 140. Is q a prime number?
False
Let p = 2172 - 1453. Is p a prime number?
True
Let s(i) = 3*i**2 + 3*i - 3. Let w be 40/12*6/(-5). Is s(w) composite?
True
Let d = 47 + -75. Let r = d - -83. Is r a prime number?
False
Let n(u) = -u**3 + u**2 - u + 1. Let d(v) = -2*v**3 + 7*v**2 - 2*v + 6. Let x(h) = d(h) - 4*n(h). Let z be x(3). Suppose -3*q = -2*q - z. Is q prime?
True
Let f(z) = -7*z**2 + 3*z - 3. Suppose -5 = l, -5*c - 2*l = l. Let i be f(c). Let b = i - -103. Is b a prime number?
False
Suppose 4*p + 8 = 0, -4*y + 2*p + 10 = -10. Suppose -5*i + 43 = -3*q, -y*q = q + 5. Is (-1)/(-2) - (-564)/i prime?
True
Let y(o) = o + 3. Let h be y(-6). Let f(j) be the second derivative of j**4 - 5*j**3/6 - 2*j**2 + 3*j. Is f(h) prime?
False
Let w be 6/(-3)*2/4. Let l be 1 + w + 48/(-2). Is -1 - 2 - (l - 1) prime?
False
Let v(m) = m. Let y(w) = -7*w - 3. Let p(n) = -6*v(n) - y(n). Suppose -5*l - 3*o + 5*o + 6 = 0, -l - 3*o = 9. Is p(l) a prime number?
True
Let a(u) = -3*u**3 - 7*u**2 + 7*u - 8. Is a(-6) a prime number?
False
Suppose 0*s - 112 = 2*s. Let c = 104 + -209. Let a = s - c. Is a composite?
True
Suppose -31*g + 4265 = -26*g. Is g a composite number?
False
Let m(o) = -9*o - 3. Let v be m(-7). Let p = v + -26. Suppose 5*h = -p + 459. Is h prime?
False
Let d be 4/10 + (-46)/(-10). Suppose -30 - 235 = -d*u. Is u a prime number?
True
Let w be 122 + 1 + 5 + -4. Let c = w - 86. Is c prime?
False
Suppose x + 3*x + 192 = 0. Let o = x - -81. Is o a composite number?
True
Let n(l) = l**2 - 3*l - 5. Let c be n(4). Let b be c/(-2)*(-14)/(-1). Suppose -170 = -b*v + 2*v. Is v a composite number?
True
Suppose 5*j + 5 = 6*j. Suppose -3*a + 2*l + 439 = 0, -3*l = -2*a - j*l + 276. Is a a prime number?
False
Suppose 4*k + 2*o - 66 = 0, -5*o = -2*k - 6 + 21. Is 7*5/(k/9) a prime number?
False
Suppose -3*t = -2*o - 8991, 0 = o - 2 - 1. Is t a composite number?
False
Suppose -14*o + 4696 = -6*o. Is o prime?
True
Suppose 4*j = 7 + 5. Let u be -121 + 1*0/j. Let b = u + 176. Is b a composite number?
True
Let a = 270 - 157. Suppose 5*s - 6*s = -a. Is s prime?
True
Suppose 12 = 5*q - 2*q. Let m be q/(-18) - (-947)/9. Suppose -99 = -4*c - 4*k + m, -3*k = c - 43. Is c a composite number?
True
Let r be (-5 - -3)*1 + 2. Suppose r = -4*n + 594 - 206. Is n a prime number?
True
Is (2 + -4)*3/(-2) - -1790 a prime number?
False
Let b(p) = 4*p**2 - p. Let s be b(2). Suppose s = 3*w - 19. Is w a prime number?
True
Let i = -165 - -662. Is i a composite number?
True
Suppose 2*x - l = 2*l + 86, -5*x + l + 189 = 0. Is x a prime number?
True
Let p be (-4 - (-21)/6)*-4. Suppose -p*a = -a - 4, -5*a + 311 = 3*j. Is j prime?
True
Let w(h) = -h + 7. Is w(4) a prime number?
True
Suppose 4*x + 5*n = 41, x + 0*n = -2*n + 14. Suppose 0 = 5*t + 3*c - 632, 258 = 2*t - x*c - 0*c. Is t composite?
False
Let a = 1234 + -681. Is a a composite number?
True
Let b be (4 + -4)/(5 - 2). Let f(c) = 6 - 2*c**2 + 3*c**2 + 8 - c. Is f(b) prime?
False
Is (-1295)/(-3) + ((-1)/(-3) - 1) a composite number?
False
Let v(t) = -202*t - 1. Is v(-6) prime?
False
Let a(y) = 6*y**2 - 6*y - 2. Let z be a(5). Suppose 3*s = 499 - z. Is s a composite number?
False
Suppose 3*v + 0*v = 171. Is v a composite number?
True
Let x(c) = 25*c. Let a be x(-2). Let g = a - -147. Is g a prime number?
True
Let q(j) = 5*j - 8. Let l be q(7). Let c = l - 8. Is c composite?
False
Let z(n) = n**2 - 7*n + 3. Let o be z(6). Is -19*(-2)/(5 + o) a composite number?
False
Is (-8)/(-6) + (-2262)/(-18) prime?
True
Suppose -48 = -x + 13. Let w = 140 - x. Is w a composite number?
False
Suppose -3*d + 239 = -2*d. Is d prime?
True
Let p be 31/(0 - 1/(-9)). Let q = -126 + p. Let h = q + -74. Is h a composite number?
False
Let b = -15 + 19. Suppose -112 = b*t - 1308. Is t a prime number?
False
Suppose 0 = -d + 2*f + 1911, -2*d + 5713 = d - 2*f. Is d composite?
False
Suppose -5*k + 0 = 2*p - 8, 20 = 5*p + k. Suppose -506 = -p*h - 166. Is h a prime number?
False
Let u be (1*-2)/(1/(-2)). Suppose -682 = -3*h - 2*h - 3*i, u*h - 552 = -4*i. Suppose -h = -0*r - 2*r. Is r composite?
False
Let x(l) = l**3 + l**2 + l + 1. Let m be x(0). Suppose -3*k = -5 - m. Suppose -93 = -j + k*a, -j - 5*a = -4*a - 78. Is j prime?
True
Let j = 22 + 37. Suppose -5*z + 491 = 2*a, -z + 5*a + 23 = -j. Is (1 - (-3 + 4)) + z composite?
False
Let d be -2307*((-33)/9 + 2). Suppose 5*q = 0, 3*w + 4*q = -2*w + d. Is w composite?
False
Let v(n) = 20*n - 1. Is v(10) prime?
True
Let k be (0 + 2)*(-6)/12. Is (1 - 3) + k - -54 a prime number?
False
Let s be (-3 - (-2)/2) + 3. Is -59*((1 - 3) + s) a composite number?
False
Suppose -p + 3*g + 720 = 2*p, 0 = -3*g - 3. Is p prime?
True
Let g = 1 + -1. Suppose g*n = 3*n. Is 38/(-6)*(-3 - n) a prime number?
True
Let h = -316 + 783. Is h prime?
True
Let w be (-52)/12 + 4/(-6). Let h(k) = -24*k - 9. Is h(w) a composite number?
True
Let v = -1 - -2. Let y be -133 - (-3 + v - 0). Let n = y - -196. Is n prime?
False
Let l(x) = 0*x**2 + 3*x**3 - 4 + 8*x**2 - 2*x**3 + 2*x. Is l(-3) prime?
False
Let v be 4/(-14) + 69/21. Suppose -c - v = 2*c. Let z(p) = -10*p**3 + 1. Is z(c) a composite number?
False
Suppose -3 = p - 0*p, -c + 20 = -4*p. Suppose -5*b - 4*v = -83, 2*b - v = -4*v + 36. Is (c/(-6))/((-2)/b) a composite number?
True
Let z be 6/(-9)*(-4 + 1). Suppose 4*q - 3*q + 319 = z*y, 0 = y - 5*q - 182. Is y a composite number?
False
Let h(y) = 25*y**2 - 3*y + 7. Is h(4) a prime number?
False
Suppose -4*l + 614 = -w, 0*l - 2*l + w + 306 = 0. Suppose -5*a + 473 = 4*d - 148, -d = a - l. Is d prime?
True
Suppose 25 = 5*a + 4*h - 20, 27 = 3*a + 2*h. Is a a composite number?
True
Suppose -m - 3*m + 1348 = 0. Is m prime?
True
Let a(g) = -g**2 - 4*g + 1. Let k be a(-3). Suppose -7 + k = -j. Suppose -j*t + 201 - 50 = -4*q, 5*t - 273 = -4*q. Is t prime?
True
Let t(w) = 2*w**2 + 2. Let u be t(-2). Let o = u - -96. Is o a composite number?
True
Let a = 929 + -8. Is a a composite number?
True
Suppose 8*w - 2743 = 14081. Is w composite?
True
Suppose 0 = 4*w - 0*w + 32. Is ((-730)/w)/((-2)/(-8)) a prime number?
False
Is -1*(-210 + 2 - 3) a prime number?
True
Is 33*(2 - (4 - 3)) a composite number?
True
Suppose 0 = 2*a + 243 + 439. Let r = 634 + a. Is r a composite number?
False
Suppose -4*l + 5*l - 2*d = 13, -2*l = d - 1. Is (-1)/(l/(-345)*1) prime?
False
Suppose -j = -5*c + 18, -5*c = 7 - 27. Suppose 3*i - 1067 = j*g, -1428 = -3*i - i + 4*g. Is i a prime number?
True
Let i(y) = -y - 4. Let u be i(5). Let k(o) = o**2 + 4. Is k(u) a composite number?
True
Let q(c) = -10*c - 7. Let d be q(-5). Let l = -9 + d. Is l composite?
True
Let a be (4/10)/(4/(-80)). Let i be (-45)/(-2)*a/(-3). Let m = 97 - i. Is m a composite number?
False
Let y = 2611 + -1776. Is y composite?
True
Let w(s) = 33*s**2 + s - 1. Suppose 5*a - 13 = 2*n, 4*a + 3*n - 2*n = 0. Is w(a) a composite number?
True
Is 1/(-2) + 9348/24 prime?
True
Let t(p) = p**2 - 3*p + 3. Let b(n) = -2*n - 5. Let y be b(-6). Is t(y) a prime number?
True
Let a = 261 - -1560. Is a composite?
True
Suppose 4*l - 3*l - 653 = 0. Is l a prime number?
True
Suppose 2*y - 68 = -3*z + 436, 5*y + z = 1273. Let u be ((-6)/(-6))/((-1)/(-3)). Suppose 0 = u*r - 504 - y. Is r a composite number?
True
Let h(n) = 3*n**2 - 9*n + 4. Let t(q) = -2*q**2 + 8*q - 4. Let d(u) = 3*h(u) + 4*t(u). Let b be d(-6). Is (b/3)/(10/345) a composite number?
False
Suppose 4*i - 584 - 81 = -n, 2*n - 2*i - 1290 = 0. Is n a prime number?
False
Suppose -8 = -5*t + 7. Suppose t*m - 200 = -2*m. Suppose -u - 2*u = 4*c - m, -27 = -5*c + 2*u. Is c a composite number?
False
Let w(f) = 99*f + 7. Let m(r) = -25*r - 2. Let q(v) = -9*m(v) - 2*w(v). Is q(3) prime?
False
Is (842/6)/(13/195) a composite number?
True
Is 1 + -2 + 554 + 0 a prime number?
False
Let c(f) = f**3 + 3*f**2 + 3. Let x be c(-3). Let p = x - -176. Is p prime?
True
Let l = 54 + -30. Let p = l - 1. Suppose 3*w + 5 = p. Is w a composite number?
True
Let p(b) = 2*b**3 - 6*b**2 + 2*b + 1. Let s(g) = -g. Let m be s(-5). Is p(m) a composite number?
True
Suppose 8*r = 6*r + 10. Let d = -6 - -11. Suppose d*h - 3*g - 147 = 514, r*h = -3*g + 649. Is h composite?
False
Suppose r = 5*m + 6*r - 240, -88 = -2*m + 2*r. Let x = 